vided by 2582?
2552
Calculate the remainder when 73191 is divided by 464.
343
What is the remainder when 5644810 is divided by 1209?
1198
Calculate the remainder when 16040 is divided by 3338.
2688
What is the remainder when 527869 is divided by 834?
781
What is the remainder when 392967 is divided by 146?
81
Calculate the remainder when 135441040 is divided by 2191.
2184
What is the remainder when 7268763 is divided by 84?
75
What is the remainder when 2111237 is divided by 1745?
1532
What is the remainder when 512339525 is divided by 179?
176
Calculate the remainder when 2183257 is divided by 158.
13
What is the remainder when 428080715 is divided by 399?
398
What is the remainder when 4376085 is divided by 169?
168
Calculate the remainder when 17866117 is divided by 8933037.
43
Calculate the remainder when 8581836 is divided by 5620.
96
Calculate the remainder when 2080084 is divided by 693345.
49
Calculate the remainder when 36793 is divided by 36591.
202
Calculate the remainder when 5581087 is divided by 39582.
25
What is the remainder when 533707 is divided by 58586?
6433
What is the remainder when 364792 is divided by 228?
220
Calculate the remainder when 6993190 is divided by 19055.
5
Calculate the remainder when 32939 is divided by 769.
641
What is the remainder when 446048 is divided by 146400?
6848
What is the remainder when 76523 is divided by 1568?
1259
What is the remainder when 34802 is divided by 1552?
658
What is the remainder when 511434790 is divided by 51?
7
Calculate the remainder when 127400 is divided by 7023.
986
Calculate the remainder when 373516 is divided by 5574.
58
What is the remainder when 1869957 is divided by 382?
67
Calculate the remainder when 530830 is divided by 2260.
1990
Calculate the remainder when 43339379 is divided by 380.
379
Calculate the remainder when 3344850 is divided by 14355.
135
Calculate the remainder when 141812 is divided by 1005.
107
Calculate the remainder when 167222 is divided by 4602.
1550
What is the remainder when 336577 is divided by 189?
157
What is the remainder when 18543758 is divided by 3708751?
3
What is the remainder when 136684319 is divided by 160?
159
What is the remainder when 494557 is divided by 139?
134
What is the remainder when 36282076 is divided by 341?
17
What is the remainder when 4831387 is divided by 1366?
1211
What is the remainder when 502042 is divided by 22820?
2
Calculate the remainder when 204251 is divided by 626.
175
What is the remainder when 3529444 is divided by 278?
234
Calculate the remainder when 41047 is divided by 4872.
2071
Calculate the remainder when 99200019 is divided by 1079.
1075
Calculate the remainder when 161731 is divided by 2485.
206
Calculate the remainder when 43472 is divided by 43168.
304
Calculate the remainder when 16152134 is divided by 2979.
2975
What is the remainder when 2011924 is divided by 1006?
930
What is the remainder when 2748512 is divided by 2748495?
17
What is the remainder when 129980338 is divided by 2407043?
16
Calculate the remainder when 2332349 is divided by 421.
9
Calculate the remainder when 1143573 is divided by 17593.
28
Calculate the remainder when 7656632 is divided by 2552208.
8
What is the remainder when 8965612 is divided by 83?
35
What is the remainder when 2240661 is divided by 4871?
1
Calculate the remainder when 6620 is divided by 4403.
2217
What is the remainder when 44329000 is divided by 5195?
65
What is the remainder when 16806171 is divided by 15?
6
What is the remainder when 6608 is divided by 128?
80
Calculate the remainder when 7981316 is divided by 19232.
36
Calculate the remainder when 527847 is divided by 105072.
2487
What is the remainder when 19745253 is divided by 3109?
3103
Calculate the remainder when 143234917 is divided by 38.
35
Calculate the remainder when 675475 is divided by 112578.
7
What is the remainder when 367452 is divided by 9373?
1905
What is the remainder when 2355976 is divided by 214179?
7
Calculate the remainder when 50299 is divided by 49421.
878
What is the remainder when 85615 is divided by 642?
229
What is the remainder when 1230735 is divided by 547?
532
What is the remainder when 25955 is divided by 4736?
2275
What is the remainder when 8770 is divided by 1190?
440
What is the remainder when 363930 is divided by 2332?
138
Calculate the remainder when 23588 is divided by 22419.
1169
Calculate the remainder when 204839 is divided by 204035.
804
Calculate the remainder when 1707125 is divided by 170703.
95
What is the remainder when 214008 is divided by 23660?
1068
What is the remainder when 37913659 is divided by 20?
19
Calculate the remainder when 3164130 is divided by 3164118.
12
What is the remainder when 346170 is divided by 376?
250
What is the remainder when 192566 is divided by 24022?
390
Calculate the remainder when 1271372 is divided by 14.
4
Calculate the remainder when 1184298 is divided by 8586.
8016
Calculate the remainder when 6218240 is divided by 1554557.
12
Calculate the remainder when 3626209 is divided by 818.
15
What is the remainder when 3088028 is divided by 45?
38
Calculate the remainder when 16670567 is divided by 264612.
11
Calculate the remainder when 5009507 is divided by 357815.
97
What is the remainder when 42491103 is divided by 809?
805
What is the remainder when 1580083 is divided by 526680?
43
What is the remainder when 1803343 is divided by 133?
129
What is the remainder when 4857219 is divided by 269845?
9
Calculate the remainder when 14668102 is divided by 2591.
451
What is the remainder when 26398484 is divided by 2017?
2005
Calculate the remainder when 7074009 is divided by 7074.
9
Calculate the remainder when 77457415 is divided by 470.
5
What is the remainder when 18078857 is divided by 242?
5
What is the remainder when 5955012 is divided by 595500?
12
What is the remainder when 80024 is divided by 151?
145
What is the remainder when 396565130 is divided by 347?
344
What is the remainder when 1074348 is divided by 537111?
126
What is the remainder when 410831 is divided by 12068?
519
Calculate the remainder when 2513944 is divided by 1360.
664
What is the remainder when 88130 is divided by 672?
98
Calculate the remainder when 1095468 is divided by 518.
416
What is the remainder when 339771 is divided by 3116?
127
Calculate the remainder when 21623816 is divided by 5683.
1
Calculate the remainder when 563095 is divided by 1915.
85
What is the remainder when 48985 is divided by 2230?
2155
What is the remainder when 9121601 is divided by 76?
5
What is the remainder when 13304830 is divided by 512?
510
What is the remainder when 263986 is divided by 8604?
5866
What is the remainder when 340064 is divided by 170022?
20
Calculate the remainder when 139597662 is divided by 13.
9
Calculate the remainder when 104573678 is divided by 2126.
2116
What is the remainder when 968261 is divided by 44?
41
What is the remainder when 631024 is divided by 1643?
112
Calculate the remainder when 7070136 is divided by 1673.
38
What is the remainder when 95510034 is divided by 59?
8
Calculate the remainder when 82852 is divided by 575.
52
Calculate the remainder when 57279 is divided by 9071.
2853
Calculate the remainder when 2328695 is divided by 3650.
3645
Calculate the remainder when 1396031 is divided by 697854.
323
Calculate the remainder when 4944317 is divided by 17.
3
What is the remainder when 59112017 is divided by 54?
53
What is the remainder when 74373 is divided by 2972?
73
Calculate the remainder when 112697 is divided by 37559.
20
What is the remainder when 103466 is divided by 31?
19
What is the remainder when 35915 is divided by 11928?
131
What is the remainder when 305202 is divided by 305088?
114
Calculate the remainder when 36190 is divided by 912.
622
Calculate the remainder when 245131555 is divided by 335.
330
Calculate the remainder when 236329 is divided by 342.
7
Calculate the remainder when 670791 is divided by 4045.
3366
Calculate the remainder when 5500689 is divided by 18.
15
What is the remainder when 225312972 is divided by 225?
222
What is the remainder when 1902348 is divided by 2577?
522
What is the remainder when 1023065 is divided by 6?
5
What is the remainder when 1466360 is divided by 8778?
434
Wh